
In base 7, what is -263111 - -312?
-262466
In base 4, what is -3 - 3030020222?
-3030020231
In base 8, what is -7475 - 30760?
-40455
In base 10, what is 17226315 - -19?
17226334
In base 13, what is 4 + -a551c7?
-a551c3
In base 5, what is 1 - 23200241012?
-23200241011
In base 4, what is 0 - 100220013?
-100220013
In base 4, what is -11 - -21223311201?
21223311130
In base 2, what is -1000000010100110 + -10011?
-1000000010111001
In base 3, what is -100 + -1022111011212?
-1022111012012
In base 9, what is 5 - -36838300?
36838305
In base 13, what is -1a9a80a + -5?
-1a9a812
In base 12, what is -870 - -2516b0?
250a40
In base 15, what is -1dc + -7b04?
-7ce1
In base 11, what is -1383a + 36a85?
23246
In base 13, what is 4cb4 - -2ba?
52a1
In base 14, what is -13a1d - -d3c?
-12ac1
In base 12, what is -831 - 22a9a?
-2370b
In base 8, what is -14634366 - 12?
-14634400
In base 5, what is 444330 + 140132?
1140012
In base 6, what is -4 - -15241152?
15241144
In base 11, what is -30 + -8a90432?
-8a90462
In base 11, what is -4691 + 1827?
-2965
In base 7, what is 142305 - -3014?
145322
In base 11, what is 0 + -5333242?
-5333242
In base 3, what is 10 + 100201211120021?
100201211120101
In base 14, what is -115792 + -54?
-115806
In base 13, what is c46b72 + -7?
c46b68
In base 2, what is 10001011000100101110 - -11111?
10001011000101001101
In base 11, what is -2a29939 - a?
-2a29948
In base 14, what is 904 + 155a10?
156514
In base 4, what is -2212 + 12322303120?
12322300302
In base 7, what is -2543212 - 655?
-2544200
In base 13, what is -10 + -391272?
-391282
In base 2, what is 11100100011111100 - -10011?
11100100100001111
In base 8, what is 102 - 16055374?
-16055272
In base 5, what is -1230331301 + 2?
-1230331244
In base 8, what is 5 - 24154655?
-24154650
In base 8, what is -115066216 + 10?
-115066206
In base 16, what is -2c2c87 + 14?
-2c2c73
In base 13, what is -9 - -241b47?
241b3b
In base 11, what is 1 + 137a448?
137a449
In base 5, what is 3020 - -1432310?
1440330
In base 16, what is -47 - -1147a?
11433
In base 16, what is 1c + -56678?
-5665c
In base 16, what is -90289 - 1c?
-902a5
In base 12, what is 0 + -876051?
-876051
In base 5, what is -12023114 + -40?
-12023204
In base 12, what is -255373b79 - 3?
-255373b80
In base 11, what is -2a0609 + 16?
-2a05a3
In base 7, what is 2 + -24223221?
-24223216
In base 6, what is 4 + -22215341?
-22215333
In base 6, what is -5 - 13123231?
-13123240
In base 2, what is -10100110111101000110010 - 1100?
-10100110111101000111110
In base 6, what is 1 - -40225512?
40225513
In base 5, what is -1431434 + 1432?
-1430002
In base 2, what is 1110110110 - 11101110011?
-1110111101
In base 14, what is -14c84 - -25?
-14c5d
In base 5, what is 410411 + -2012443?
-1102032
In base 4, what is 1010100010 + -1211?
1010032133
In base 16, what is -22af - 11e?
-23cd
In base 13, what is 361b - b42?
27a9
In base 5, what is -3114042 - -21022?
-3043020
In base 4, what is 1131130112201 + -2?
1131130112133
In base 8, what is 20 + 56010356?
56010376
In base 2, what is -10110011110111011011101 - -111?
-10110011110111011010110
In base 15, what is 695 + 57d5?
5e7a
In base 16, what is b90b1d + 4?
b90b21
In base 3, what is 221002120212 + -2222?
221002110220
In base 10, what is -1815 - 657?
-2472
In base 11, what is 45861 - 2843?
43019
In base 7, what is -216205 - 2301?
-221506
In base 12, what is -2 - -7407a3?
7407a1
In base 5, what is 410 + 4430233?
4431143
In base 15, what is -c656 + -144a?
-daa1
In base 16, what is -24f81f - c?
-24f82b
In base 13, what is -19 - 1a40cc3?
-1a4100c
In base 13, what is -24b9059c - -2?
-24b9059a
In base 16, what is -5 + 229a145?
229a140
In base 9, what is 144 - -10352?
10506
In base 9, what is 115050548 - 4?
115050544
In base 5, what is -4132410334 + 1?
-4132410333
In base 15, what is 114b5d + -1?
114b5c
In base 7, what is -533046101 - -4?
-533046064
In base 2, what is 11010010111101 + -1011001101001?
1111001010100
In base 15, what is 24a91ca - 2?
24a91c8
In base 6, what is 5 + 14453254?
14453303
In base 12, what is 3 - -10015715?
10015718
In base 14, what is 5 + 4a4460?
4a4465
In base 11, what is 0 + a6360?
a6360
In base 4, what is 12323 + -10123131?
-10110202
In base 6, what is 23 - -15443223?
15443250
In base 4, what is -13 + -132220303?
-132220322
In base 8, what is 164437521 - 4?
164437515
In base 10, what is -854 - -5265?
4411
In base 4, what is 3 + -30202000002?
-30201333333
In base 16, what is 57bd2 - 14b?
57a87
In base 8, what is -15 - -61246?
61231
In base 9, what is -13643 + -3287?
-17041
In base 15, what is 3537 - -141?
3678
In base 2, what is -1011001000101111010 - 1010?
-1011001000110000100
In base 13, what is -116306 - -29?
-1162aa
In base 10, what is -149 + -5981?
-6130
In base 12, what is -9 + 1169a893?
1169a886
In base 5, what is 14210311 - 34214?
14121042
In base 16, what is a - -7287982?
728798c
In base 2, what is -1110011111001 + 11001110?
-1110000101011
In base 5, what is -103 + -42124213021?
-42124213124
In base 7, what is -510314 - -235?
-510046
In base 15, what is -3 - -a380047?
a380044
In base 6, what is -200 + 304203445?
304203245
In base 16, what is 16ed + -501f?
-3932
In base 3, what is -11122120111 + -22121?
-11122220002
In base 3, what is 111101010011122 + 12?
111101010011211
In base 8, what is -110334 - 1522?
-112056
In base 13, what is 1c + -40794?
-40775
In base 3, what is 110112020 + -22121?
110012122
In base 6, what is -4250102 - 122?
-4250224
In base 12, what is -4864 - 157a?
-6222
In base 14, what is 9732653 - -2?
9732655
In base 11, what is 2599 - -a602?
120a0
In base 4, what is -210 - -1313030133131?
1313030132321
In base 9, what is 68453257 - -2?
68453260
In base 9, what is 784 + 73687?
74582
In base 9, what is -34364 - -135?
-34228
In base 5, what is 43 - -23241410?
23242003
In base 11, what is -a678 - -7384?
-32a4
In base 12, what is 107720 - 520?
107200
In base 12, what is 51ab5979 - -5?
51ab5982
In base 3, what is 1120120 + -11012021100?
-11010200210
In base 5, what is -1141413144241 - -1?
-1141413144240
In base 10, what is 3408468 + 18?
3408486
In base 8, what is -153073012 - -5?
-153073005
In base 8, what is 574002 - 33?
573747
In base 5, what is -412202023 + -11?
-412202034
In base 12, what is 2aaa - 15605?
-12717
In base 9, what is -7207602 + 40?
-7207552
In base 10, what is -1 - 39331949?
-39331950
In base 3, what is -221 - -11011122121120?
11011122120122
In base 6, what is 13155350151 - -3?
13155350154
In base 7, what is 1034 + 5620?
6654
In base 15, what is 156 + 2b820?
2b976
In base 6, what is -344504405 + -4?
-344504413
In base 16, what is d177e - 2f?
d174f
In base 10, what is 12754 + -17124?
-4370
In base 9, what is 4 - 2788447?
-2788443
In base 2, what is -100 - 1011001110100000001010110?
-1011001110100000001011010
In base 11, what is 104a80 - -39?
105009
In base 7, what is 4361256 - 12?
4361244
In base 8, what is 2 + -277261734?
-277261732
In base 12, what is -958 + -48b0?
-5648
In base 9, what is -107586 - 577?
-108274
In base 5, what is -10244100431 - 0?
-10244100431
In base 9, what is 1125 + -2227076?
-2225851
In base 7, what is -112 - -14516633?
14516521
In base 11, what is 44a06a - -59?
44a118
In base 7, what is 6113242215 - -4?
6113242222
In base 10, what is -281084 - -708?
-280376
In base 14, what is 18 + b99a0?
b99b8
In base 7, what is 0 - -106210211?
106210211
In base 5, what is -43 + 3323032121?
3323032023
In base 6, what is 31 - -55035021?
55035052
In base 4, what is 130320222202210 + 1?
130320222202211
In base 4, what is 1 - -221133032033?
221133032100
In base 9, what is -804847 + -10?
-804857
In base 10, what is -97 - -32730?
32633
In base 6, what is -21432353 - -22?
-21432331
In base 4, what is 13001120001 - -20?
13001120021
In base 10, what is 324981 - -10?
324991
In base 11, what is -1120 + 4a763?
49643
In base 7, what is 3646 - 4404402?
-4400423
In base 5, what is 2323142242 + 1024?
2323143321
In base 9, what is -113732583 + 2?
-113732581
In base 14, what is 29505 - 26b?
29278
In base 14, what is aa4535 - 22?
aa4513
In base 8, what is -4331315 - -111?
-4331204
In base 7, what is 4535634 + 46?
4536013
In base 11, what is 1a4518 - 28a7?
1a1721
In base 6, what is -2224454 - 304?
-2225202
In base 13, what is -26 + 2c4307?
2c42b1
In base 5, what is -12212 - -122110?
10